{"id":12,"date":"2019-10-21T10:17:25","date_gmt":"2019-10-21T10:17:25","guid":{"rendered":"https:\/\/3fachhirsche.ch\/?page_id=12"},"modified":"2025-04-04T01:50:00","modified_gmt":"2025-04-04T01:50:00","slug":"startseite","status":"publish","type":"page","link":"https:\/\/3fachhirsche.ch\/","title":{"rendered":"Das L\u00e4ndlertrio aus dem Entlebuch"},"content":{"rendered":"\n<p>Seit \u00fcber zehn Jahren begeistern die drei Musiker ihre Zuh\u00f6rer mit echter und lebendiger L\u00e4ndlermusik, die zum Mitsingen, Tanzen und Geniessen einl\u00e4dt. Marcel und Dominik kennen sich aus der Schulzeit und spielten schon fr\u00fch bei verschiedenen Anl\u00e4ssen zusammen. Zuf\u00e4llig entdeckte ihr Freund Moritz die Freude am Kontrabass, und so holten sie ihn sofort mit ins Boot. Die drei harmonierten von Anfang an \u2013 sowohl musikalisch als auch menschlich. Seither treten sie unter dem Namen \u201e3fach Hirsche\u201c auf und pflegen dabei vorwiegend den rassigen und t\u00e4nzerischen Innerschweizer Stil. Ihr Repertoire umfasst zudem eine Vielzahl abwechslungsreicher Eigenkompositionen, die sowohl traditionelle als auch moderne Melodien beinhalten.<\/p>\n","protected":false},"excerpt":{"rendered":"<p>Seit \u00fcber zehn Jahren begeistern die drei Musiker ihre Zuh\u00f6rer mit echter und lebendiger L\u00e4ndlermusik, die zum Mitsingen, Tanzen und Geniessen einl\u00e4dt. Marcel und Dominik kennen sich aus der Schulzeit und spielten schon fr\u00fch bei verschiedenen Anl\u00e4ssen zusammen. Zuf\u00e4llig entdeckte ihr Freund Moritz die Freude am Kontrabass, und so holten sie ihn sofort mit ins &hellip; <\/p>\n<p class=\"link-more\"><a href=\"https:\/\/3fachhirsche.ch\/\" class=\"more-link\"><span class=\"screen-reader-text\">\u201eDas L\u00e4ndlertrio aus dem Entlebuch\u201c <\/span>weiterlesen<\/a><\/p>\n","protected":false},"author":1,"featured_media":0,"parent":0,"menu_order":0,"comment_status":"closed","ping_status":"closed","template":"","meta":{"footnotes":""},"class_list":["post-12","page","type-page","status-publish","hentry"],"_links":{"self":[{"href":"https:\/\/3fachhirsche.ch\/index.php?rest_route=\/wp\/v2\/pages\/12","targetHints":{"allow":["GET"]}}],"collection":[{"href":"https:\/\/3fachhirsche.ch\/index.php?rest_route=\/wp\/v2\/pages"}],"about":[{"href":"https:\/\/3fachhirsche.ch\/index.php?rest_route=\/wp\/v2\/types\/page"}],"author":[{"embeddable":true,"href":"https:\/\/3fachhirsche.ch\/index.php?rest_route=\/wp\/v2\/users\/1"}],"replies":[{"embeddable":true,"href":"https:\/\/3fachhirsche.ch\/index.php?rest_route=%2Fwp%2Fv2%2Fcomments&post=12"}],"version-history":[{"count":103,"href":"https:\/\/3fachhirsche.ch\/index.php?rest_route=\/wp\/v2\/pages\/12\/revisions"}],"predecessor-version":[{"id":564,"href":"https:\/\/3fachhirsche.ch\/index.php?rest_route=\/wp\/v2\/pages\/12\/revisions\/564"}],"wp:attachment":[{"href":"https:\/\/3fachhirsche.ch\/index.php?rest_route=%2Fwp%2Fv2%2Fmedia&parent=12"}],"curies":[{"name":"wp","href":"https:\/\/api.w.org\/{rel}","templated":true}]}}